 highest common factor of 392524 and 1573.
121
Calculate the greatest common divisor of 185047 and 422.
211
What is the highest common factor of 90 and 555?
15
Calculate the highest common divisor of 392325 and 450.
75
What is the greatest common divisor of 112 and 1797600?
112
Calculate the greatest common factor of 11397 and 609.
87
Calculate the highest common divisor of 946 and 418198.
22
Calculate the greatest common divisor of 4788 and 23688.
252
What is the highest common divisor of 15929 and 6732?
17
Calculate the greatest common factor of 35510 and 3015.
335
Calculate the greatest common factor of 27 and 28233.
9
Calculate the greatest common factor of 711 and 3186.
9
Calculate the highest common divisor of 2120 and 220.
20
Calculate the greatest common divisor of 3312 and 6417.
207
Calculate the highest common divisor of 23472 and 5542.
326
Calculate the greatest common divisor of 38781 and 12276.
279
Calculate the highest common factor of 17598 and 294.
42
What is the highest common factor of 62 and 889142?
62
Calculate the greatest common divisor of 948 and 6234.
6
Calculate the greatest common divisor of 6736 and 389846.
842
Calculate the greatest common factor of 4085 and 860.
215
What is the greatest common factor of 15 and 4089570?
15
What is the greatest common factor of 149784 and 24?
24
What is the greatest common divisor of 4212 and 540?
108
Calculate the highest common factor of 78840 and 648.
216
What is the highest common factor of 70 and 5290?
10
What is the greatest common factor of 60708 and 228?
12
Calculate the greatest common divisor of 25600 and 2800.
400
What is the greatest common divisor of 3440 and 38650?
10
What is the highest common factor of 39930 and 5522?
22
Calculate the highest common factor of 205 and 951815.
205
What is the highest common divisor of 11550 and 118272?
462
What is the highest common factor of 329113 and 2487?
829
Calculate the greatest common factor of 21800 and 53192.
872
What is the greatest common divisor of 700 and 30730?
70
What is the greatest common factor of 189 and 2576?
7
What is the greatest common factor of 13190 and 120?
10
What is the greatest common divisor of 14216 and 456?
8
Calculate the highest common divisor of 11 and 111023.
11
Calculate the highest common divisor of 4096 and 3296.
32
Calculate the highest common divisor of 220 and 8695170.
110
Calculate the highest common divisor of 1290 and 220950.
30
What is the greatest common divisor of 24664964 and 1102?
1102
Calculate the highest common factor of 78 and 421338.
6
Calculate the highest common divisor of 85680 and 154530.
1530
What is the greatest common divisor of 1096 and 9179?
137
Calculate the highest common divisor of 519 and 20068.
173
Calculate the highest common factor of 1422539 and 37.
37
Calculate the highest common factor of 429 and 223542.
33
What is the highest common factor of 460 and 168140?
20
What is the greatest common divisor of 2928 and 120353?
61
What is the greatest common factor of 17 and 488393?
17
Calculate the greatest common divisor of 250 and 2990.
10
Calculate the highest common divisor of 14 and 223447.
7
Calculate the highest common divisor of 4333 and 1288.
7
Calculate the greatest common factor of 51304 and 440.
88
What is the highest common divisor of 40 and 19555?
5
What is the greatest common factor of 38 and 8227?
19
What is the highest common divisor of 74834 and 45849?
527
Calculate the greatest common factor of 311 and 7371322.
311
Calculate the greatest common factor of 25 and 523475.
25
Calculate the highest common divisor of 54120 and 7480.
440
What is the greatest common factor of 258 and 46053?
129
What is the highest common factor of 413 and 35223?
59
What is the highest common factor of 192 and 4272?
48
What is the highest common divisor of 7291 and 736?
23
What is the greatest common divisor of 9 and 104697?
9
What is the greatest common factor of 678368 and 4352?
544
Calculate the highest common divisor of 2124 and 131157.
531
Calculate the greatest common divisor of 53 and 330773.
53
What is the highest common divisor of 11400 and 250?
50
What is the greatest common divisor of 45 and 129100?
5
What is the highest common factor of 2064 and 5136?
48
What is the highest common factor of 672 and 52928?
32
What is the greatest common divisor of 395408 and 8?
8
What is the highest common factor of 2379 and 306525?
183
What is the highest common factor of 28072 and 5336?
232
Calculate the highest common divisor of 56935 and 7670.
295
What is the greatest common divisor of 2209635 and 45?
45
What is the highest common factor of 332478 and 24111?
1269
What is the highest common factor of 2485 and 56?
7
What is the highest common factor of 21780136 and 28?
28
Calculate the highest common divisor of 89 and 139285.
89
Calculate the greatest common factor of 144 and 53802.
18
Calculate the greatest common divisor of 2924392 and 2768.
1384
What is the greatest common factor of 46 and 251827?
23
What is the greatest common factor of 516 and 386226?
258
Calculate the highest common factor of 1067 and 2200.
11
Calculate the highest common divisor of 394 and 2252104.
394
What is the greatest common divisor of 1160 and 414760?
40
What is the highest common factor of 3358 and 46282?
146
What is the highest common factor of 6463530 and 10?
10
What is the highest common factor of 66174 and 1968?
246
What is the highest common divisor of 4669 and 15225?
203
Calculate the highest common divisor of 210 and 2564310.
210
Calculate the highest common factor of 190 and 144818.
38
Calculate the highest common factor of 1029 and 12.
3
Calculate the greatest common divisor of 150458 and 28.
14
Calculate the greatest common factor of 883 and 99779.
883
Calculate the highest common factor of 645 and 140355.
15
Calculate the greatest common factor of 12225 and 525.
75
What is the highest common divisor of 397236 and 168?
84
Calculate the highest common factor of 57 and 7999.
19
Calculate the highest common factor of 19826 and 5172.
862
What is the highest common divisor of 6368 and 17312?
32
What is the highest common factor of 1027 and 226538?
13
Calculate the greatest common factor of 9785 and 5206.
19
Calculate the greatest common divisor of 26 and 26.
26
Calculate the greatest common factor of 164844 and 988.
76
Calculate the greatest common divisor of 4638 and 108.
6
What is the greatest common divisor of 43169 and 27311?
881
What is the greatest common divisor of 288482 and 2?
2
Calculate the highest common divisor of 118 and 81538.
118
What is the highest common divisor of 23940 and 1610?
70
Calculate the highest common factor of 910 and 6695.
65
Calculate the greatest common factor of 94 and 2731264.
94
Calculate the highest common factor of 63 and 394989.
21
What is the highest common factor of 2960 and 2072?
296
Calculate the highest common factor of 16208 and 2096.
16
Calculate the greatest common factor of 198 and 14070474.
198
Calculate the greatest common divisor of 13698 and 22.
2
What is the highest common divisor of 100788 and 74?
74
Calculate the highest common factor of 4131 and 28152.
153
Calculate the highest common factor of 296 and 36889.
37
What is the greatest common factor of 804528 and 1998?
666
Calculate the highest common factor of 796 and 7833834.
398
What is the highest common factor of 3179 and 62282?
11
Calculate the highest common divisor of 10422 and 108.
54
What is the greatest common divisor of 14470 and 6470?
10
What is the highest common factor of 1757582 and 2140?
214
Calculate the greatest common factor of 2366 and 2093.
91
What is the greatest common factor of 72 and 987360?
24
What is the highest common factor of 95211 and 1278?
639
What is the highest common divisor of 733 and 82096?
733
What is the highest common factor of 10 and 1555?
5
Calculate the highest common factor of 17703 and 72.
9
Calculate the greatest common divisor of 63 and 3690.
9
What is the highest common divisor of 2586 and 1015867?
431
What is the highest common divisor of 473455 and 11635?
895
Calculate the highest common divisor of 391651 and 17719.
611
What is the highest common factor of 438 and 665030?
146
What is the greatest common factor of 59791 and 9?
1
Calculate the